 the tens digit of a?
1
Let n(j) = -164*j + 53. What is the hundreds digit of n(-23)?
8
Let t(y) = y**2 + 4*y + 3. Let i be t(-6). Let v(o) = o**3 - 15*o**2 + 6. Let c be v(i). Let w(j) = -j**2 + 6*j + 10. What is the units digit of w(c)?
0
Let u = -28 + 6. Let n = 12 + u. Let r(a) = -5*a - 11. What is the units digit of r(n)?
9
Suppose -3*u - 2*u - 100 = 0. Let j be 4*(1 + -2 - 5/4). What is the tens digit of (j + -1)/(4/u)?
5
What is the units digit of ((2569/14)/(-1))/(1/(-2))?
7
Suppose 20*o - 3600 = 18920. What is the thousands digit of o?
1
Let g = -22 - -27. Suppose 0 = -g*d - 3*p + 210 + 99, 132 = 2*d - 3*p. What is the tens digit of d?
6
What is the hundreds digit of (424/(-16))/((-3)/54)?
4
Suppose -2*r + 0*r + 42 = 0. Suppose 4*c - r = 15. What is the units digit of c?
9
Suppose v = j + 38, -v + 5*j + 43 = -3. Let n be (44/6)/(12/v). What is the tens digit of 1*-31*n/(-11)?
6
Suppose 5*l = -2*q + 1017, q = -7*l + 10*l + 525. What is the hundreds digit of q?
5
Let l(o) = 18*o**2 + o - 23. What is the hundreds digit of l(-11)?
1
Let v = -23 - -44. Let z = v + -11. What is the units digit of z?
0
Suppose -15*v + 3*l = -16*v + 688, -2056 = -3*v - 5*l. What is the tens digit of v?
8
Suppose 5*p = w + 4594 + 828, p - 2*w = 1079. What is the units digit of p?
5
Let w(r) = -r**3 - 17*r**2 - 21*r + 19. Let y be (-100)/6 + 32/48. What is the tens digit of w(y)?
9
Let n(g) = g**3 + 26*g**2 + 8*g + 58. What is the hundreds digit of n(-25)?
4
Let b be 36/(-10) - (-18)/(-45). Let v be (3 + b)/(3/(-27)). Suppose -2*r + v = r. What is the units digit of r?
3
Let i(h) = 94*h. Let n be i(2). Suppose 5*t + n = 63. What is the units digit of 6/10 + (-660)/t?
7
Let w be 4 + -3 + 1 + 1. Suppose 4*l - 220 = 3*l + 2*h, -5*h = -w*l + 658. What is the units digit of l?
6
Suppose -5*s = -2*s - 12. Let x be (4 + -12)*2/s. What is the units digit of -3 - x - (-4 - 25)?
0
Let w(o) = o - 23. Let a be w(11). Let v(u) = -3*u + 10. What is the units digit of v(a)?
6
Let w be 3032/4 - (0 - -2). Suppose 8*l = 2*l + w. What is the hundreds digit of l?
1
Let x = -101 - -144. Suppose 0 = 2*r - 79 - x. What is the tens digit of r?
6
Let s(f) be the first derivative of 45*f**2/2 + 10. What is the units digit of s(1)?
5
Let v(x) = x + 4. Let w be (-2 - 0)/(3/(-6)). Suppose 18 = -h + w*h. What is the units digit of v(h)?
0
Suppose m + 138 = 3*m. Let c = m + -20. Suppose -2*b - 9 = -c. What is the tens digit of b?
2
Let f be -2 - (3 + -3)/(-1). What is the tens digit of f/11 + (-1722)/(-33)?
5
Suppose -198 + 62 = -4*t. Suppose -t = -3*w + 5*p, 0*w + 3*p = -4*w + 55. Let g = 27 - w. What is the tens digit of g?
1
Let p be (-6)/((4/6)/(-1)). Suppose 11*o = p*o + 222. What is the units digit of o?
1
Let w(b) = 2186*b**2 + 8*b + 8. What is the units digit of w(-1)?
6
Let d be 58/(-4)*7/7*-30. Suppose -4*q = -0*q + 2*f - 348, 0 = 5*q - f - d. What is the tens digit of q?
8
What is the hundreds digit of -1*(-5 + -341 + -5)?
3
Suppose -5*p - 2*v = -6*p + 2092, 5*p - 10404 = -4*v. What is the thousands digit of p?
2
Let c(h) = 13 - 3 + 3*h + 10 - 5. What is the units digit of c(13)?
4
Let c be -1*(0 + (9 - 1)). What is the tens digit of 12/c*1*-22?
3
Let s(t) = 37*t + 25. Let i be s(-11). What is the hundreds digit of (i/6)/((-7)/21)?
1
Let p be -6*(0 + (-6)/9). Suppose p*y = 3 + 1, -392 = -4*c - 4*y. What is the tens digit of c?
9
Suppose 3 = m + 2*v, -2*m + 2 = 2*v + 6. Let q(c) = 2*c**2 + 2*c + 44. What is the hundreds digit of q(m)?
1
Let b(r) = 18*r**2 - 140*r - 16. What is the thousands digit of b(14)?
1
Let r = 53 + 3. Suppose -100 = 5*b + 2*d, 3*b + d + d + r = 0. Let o = -9 - b. What is the units digit of o?
3
Let s = 530 - 794. What is the tens digit of ((-3)/(-2))/((-9)/s)?
4
Suppose -161*s + 171*s = 17350. What is the hundreds digit of s?
7
Let b = 154 + 352. What is the units digit of b?
6
Suppose -60175 = 57*y - 239725. What is the tens digit of y?
5
Suppose 0 = -2*l + 7*l. Let q(a) be the second derivative of -a**4/12 + 10*a**2 - 7*a. What is the units digit of q(l)?
0
Let i(c) = c**3 + 5*c**2 - 8*c - 8. Let m be i(-6). Let q = m + -4. Let y(p) = -p + 63. What is the units digit of y(q)?
3
Let n(j) = 8*j**2 + 2*j - 1. Let b be (9/(-12))/(2/(-8)). Let z be n(b). Let x = 109 - z. What is the units digit of x?
2
Let q(r) = r**3 - 19*r**2 - 26*r + 28. Let y be q(21). Suppose 0 = 7*f - 14*f + y. What is the units digit of f?
2
Let y be (-4 - -2) + -2 + 36. Let q = 14 - 5. Suppose 7*u + y = q*u. What is the units digit of u?
6
Let f(n) = -n**2 + n + 4. Let y be f(0). Let g be 8/((-21)/6 + y). Let u = 45 - g. What is the tens digit of u?
2
Let a be 545*(12/(-5) + 3). Let x be 2/(-10) - a/15. Let c = 37 + x. What is the tens digit of c?
1
Let m(t) = 102*t**2 + 3*t - 18. What is the thousands digit of m(-4)?
1
Let x(y) = 34*y**2 + 2*y - 1. Let p be (-1 + 17)*1/(-2). Let m = 9 + p. What is the tens digit of x(m)?
3
What is the hundreds digit of (-8)/(-80) + (-10738)/(-20)?
5
Let l be ((-12)/(-16))/((-2)/(-32)). Suppose 8 = 2*o - 2*g, 0 = 4*o - 3*o + 4*g + 1. Suppose -l = -x - o*x. What is the units digit of x?
3
Let h = -70 + 292. What is the tens digit of h?
2
Suppose -2*u - 8 = d, -7*d = 4*u - 3*d + 16. What is the hundreds digit of 153 + 44/33*6/u?
1
Suppose 3*p + h - 5281 = 0, -3*p + h + 4473 = -800. What is the thousands digit of p?
1
Suppose l - 1 = 2*l. What is the units digit of 88/(-5)*l - 16/(-40)?
8
Let r = -129 + 57. Let s = 1 - r. What is the units digit of s?
3
Suppose -c = -2*j - 6*c + 31, 4*c - 20 = 0. Suppose 4*n = j*y - 520, -3*y - 268 = -3*n - 790. What is the hundreds digit of y?
1
What is the tens digit of 4*-1934*(-8)/64?
6
Suppose -n - 5 = 12. Let t = n + 6. Let o = 37 + t. What is the tens digit of o?
2
Let c be (3 + 0 + -1)*(0 + 3). What is the units digit of (-3)/c - (-990)/12?
2
Let j(x) = x**3 - 2*x**2 - x + 118. Let v be j(0). Let h = 203 - v. What is the units digit of h?
5
Suppose 14*q = -1441 + 8665. What is the hundreds digit of q?
5
Let n be (3/(-2))/((-3)/1818). Suppose 3*m - n = -6*m. What is the units digit of m?
1
Let y = -20 + 25. Suppose 0 = y*m + m - 24. What is the units digit of (-9)/(-6) + 294/m?
5
Suppose -4*b = -5*x + 253 + 568, -2*x + 4*b + 326 = 0. What is the tens digit of x?
6
Suppose 182 = 5*w + 2*c, -4*w + c + 31 + 125 = 0. Suppose a - 6 = w. What is the tens digit of a?
4
What is the units digit of 24/(-16) + 125/2?
1
Let t = -7 + 10. Suppose -144 = -2*b - 2*d - 2*d, t*b + 3*d = 207. Suppose 2*v - 40 - b = -5*r, 0 = r - 5*v - 5. What is the units digit of r?
0
Suppose 13 + 59 = 4*s. Let l be -2 + s/(-1)*1. Let n = l + 38. What is the units digit of n?
8
Let v = -890 + 1467. What is the hundreds digit of v?
5
Suppose -5*h + 8 = 2*f - 4*f, -3*h - 3*f = -9. Let y(l) = 11*l - 2. Let n be y(h). Suppose 5*i - 60 = n. What is the tens digit of i?
1
What is the units digit of 900 + 4*(-21)/28?
7
Suppose -4*y - 3*f = 1, 0 = 4*y + 3*f + 2*f + 7. Suppose 9 = -y*n - 13. Let z = n + 28. What is the tens digit of z?
1
Suppose 5*t + 3*n = 10*t - 718, -t = -n - 144. What is the tens digit of t?
4
Let k(b) = 13*b**2 + 9*b - 104. What is the hundreds digit of k(-13)?
9
Let g be 6/12*(30 + 0). What is the units digit of (430/(-25))/((-6)/g)?
3
Suppose 2*d - 3*d + 1 = 0. What is the units digit of 3/(-3) + d + -2 + 130?
8
Suppose 0 = -10*w - 5*w. Suppose -4*c = -2*r - w*r + 68, 0 = r + 5*c - 13. What is the units digit of r?
8
Suppose -4*b + 3142 = 5*w - 3*w, 3148 = 4*b - 4*w. What is the tens digit of b?
8
Let l = -623 - -845. What is the units digit of l?
2
Let k(c) = -c**3 + 4*c**2 + c - 5. Let m be k(2). Suppose r + m*s - 321 = -r, 5*r + 2*s = 855. What is the hundreds digit of r?
1
Suppose -6 = -4*h - 2. Let g(z) be the first derivative of z**4 + 3. What is the units digit of g(h)?
4
What is the hundreds digit of (52/5)/((-4990)/625 - -8)?
6
Suppose -o + 3 = 1. Suppose 5*m + 51 = o*t, 6*t - 2*t + m = 91. What is the units digit of t?
3
Let z(h) = h - 7. Let j be z(9). Suppose -2 = j*i - i. Let p = 8 - i. What is the tens digit of p?
1
Let z(h) = -2*h**3 + 4*h**2 - 9*h + 6. Let b(i) = i**3 - i**2 + i - 1. Let k(n) = -b(n) - z(n). What is the tens digit of k(4)?
4
Suppose -2*s + 3 + 5 = 0. Suppose b - 40 = -3*w, 4*b = s*w - 102 + 38. What